{"id":4683,"date":"2024-10-31T15:34:13","date_gmt":"2024-10-31T14:34:13","guid":{"rendered":"https:\/\/bizibermeo.eus\/zer-ikusi\/gaztelu\/"},"modified":"2026-03-02T10:00:24","modified_gmt":"2026-03-02T09:00:24","slug":"gaztelu","status":"publish","type":"zer-ikusi","link":"https:\/\/bizibermeo.eus\/fr\/zer-ikusi\/gaztelu\/","title":{"rendered":"Gaztelu"},"content":{"rendered":"<p>Gaztelu est une petite p\u00e9ninsule situ\u00e9e au sud du vieux port. M\u00eame si son nom signifie ch\u00e2teau en basque, il n\u2019existe aucune \u00e9vidence historique indiquant qu\u2019il y en ait jamais eu un. Par contre, ce fut un refuge contenant des canons durant les XVIIe et XIXe.<br \/>\n\u200b<br \/>\nCe belv\u00e9d\u00e8re offre une perspective diff\u00e9rente de la localit\u00e9 ; face \u00e0 nous se dresse la sculpture \u00ab La ola \u00bb (La vague), la derni\u00e8re \u0153uvre de Nestor Basterretxea pour sa localit\u00e9. Sur la droite, au bout du quai, \u00ab El regreso \u00bb (Le retour) de Carlos Solano et sur la gauche, sous les maisons du vieux port, \u00ab Ultima ola, \u00faltimo aliento \u00bb (Derni\u00e8re vague, dernier souffle) d\u2019Enrike Zubia.<\/p>\n<p>Vers le sud, on aper\u00e7oit le b\u00e2timent Kikunbera (1930), con\u00e7u par l\u2019architecte Fernando Arzadun Ibarra comme r\u00e9sidence pour ses parents et ressemblant \u00e0 un bateau, une des premi\u00e8res constructions rationalistes du Pays Basque.<\/p>\n","protected":false},"featured_media":3618,"parent":0,"template":"","meta":{"_acf_changed":false},"ikusi-atala":[101],"class_list":["post-4683","zer-ikusi","type-zer-ikusi","status-publish","has-post-thumbnail","hentry","ikusi-atala-points-de-interet"],"acf":[],"yoast_head":"<!-- This site is optimized with the Yoast SEO plugin v27.4 - https:\/\/yoast.com\/product\/yoast-seo-wordpress\/ -->\n<title>Gaztelu - Bizi Bermeo<\/title>\n<meta name=\"robots\" content=\"noindex, follow\" \/>\n<meta property=\"og:locale\" content=\"fr_FR\" \/>\n<meta property=\"og:type\" content=\"article\" \/>\n<meta property=\"og:title\" content=\"Gaztelu - Bizi Bermeo\" \/>\n<meta property=\"og:description\" content=\"Gaztelu est une petite p\u00e9ninsule situ\u00e9e au sud du vieux port. M\u00eame si son nom signifie ch\u00e2teau en basque, il n\u2019existe aucune \u00e9vidence historique indiquant qu\u2019il y en ait jamais eu un. Par contre, ce fut un refuge contenant des canons durant les XVIIe et XIXe. \u200b Ce belv\u00e9d\u00e8re offre une perspective diff\u00e9rente de la [&hellip;]\" \/>\n<meta property=\"og:url\" content=\"https:\/\/bizibermeo.eus\/fr\/zer-ikusi\/gaztelu\/\" \/>\n<meta property=\"og:site_name\" content=\"Bizi Bermeo\" \/>\n<meta property=\"article:modified_time\" content=\"2026-03-02T09:00:24+00:00\" \/>\n<meta property=\"og:image\" content=\"https:\/\/bizibermeo.eus\/wp-content\/uploads\/2024\/10\/Gaztelu-01-Medium.jpg\" \/>\n\t<meta property=\"og:image:width\" content=\"1280\" \/>\n\t<meta property=\"og:image:height\" content=\"854\" \/>\n\t<meta property=\"og:image:type\" content=\"image\/jpeg\" \/>\n<meta name=\"twitter:card\" content=\"summary_large_image\" \/>\n<meta name=\"twitter:label1\" content=\"Dur\u00e9e de lecture estim\u00e9e\" \/>\n\t<meta name=\"twitter:data1\" content=\"1 minute\" \/>\n<script type=\"application\/ld+json\" class=\"yoast-schema-graph\">{\"@context\":\"https:\\\/\\\/schema.org\",\"@graph\":[{\"@type\":\"WebPage\",\"@id\":\"https:\\\/\\\/bizibermeo.eus\\\/fr\\\/zer-ikusi\\\/gaztelu\\\/\",\"url\":\"https:\\\/\\\/bizibermeo.eus\\\/fr\\\/zer-ikusi\\\/gaztelu\\\/\",\"name\":\"Gaztelu - Bizi Bermeo\",\"isPartOf\":{\"@id\":\"https:\\\/\\\/bizibermeo.eus\\\/fr\\\/#website\"},\"primaryImageOfPage\":{\"@id\":\"https:\\\/\\\/bizibermeo.eus\\\/fr\\\/zer-ikusi\\\/gaztelu\\\/#primaryimage\"},\"image\":{\"@id\":\"https:\\\/\\\/bizibermeo.eus\\\/fr\\\/zer-ikusi\\\/gaztelu\\\/#primaryimage\"},\"thumbnailUrl\":\"https:\\\/\\\/bizibermeo.eus\\\/wp-content\\\/uploads\\\/2024\\\/10\\\/Gaztelu-01-Medium.jpg\",\"datePublished\":\"2024-10-31T14:34:13+00:00\",\"dateModified\":\"2026-03-02T09:00:24+00:00\",\"breadcrumb\":{\"@id\":\"https:\\\/\\\/bizibermeo.eus\\\/fr\\\/zer-ikusi\\\/gaztelu\\\/#breadcrumb\"},\"inLanguage\":\"fr-FR\",\"potentialAction\":[{\"@type\":\"ReadAction\",\"target\":[\"https:\\\/\\\/bizibermeo.eus\\\/fr\\\/zer-ikusi\\\/gaztelu\\\/\"]}]},{\"@type\":\"ImageObject\",\"inLanguage\":\"fr-FR\",\"@id\":\"https:\\\/\\\/bizibermeo.eus\\\/fr\\\/zer-ikusi\\\/gaztelu\\\/#primaryimage\",\"url\":\"https:\\\/\\\/bizibermeo.eus\\\/wp-content\\\/uploads\\\/2024\\\/10\\\/Gaztelu-01-Medium.jpg\",\"contentUrl\":\"https:\\\/\\\/bizibermeo.eus\\\/wp-content\\\/uploads\\\/2024\\\/10\\\/Gaztelu-01-Medium.jpg\",\"width\":1280,\"height\":854},{\"@type\":\"BreadcrumbList\",\"@id\":\"https:\\\/\\\/bizibermeo.eus\\\/fr\\\/zer-ikusi\\\/gaztelu\\\/#breadcrumb\",\"itemListElement\":[{\"@type\":\"ListItem\",\"position\":1,\"name\":\"Home\",\"item\":\"https:\\\/\\\/bizibermeo.eus\\\/fr\\\/\"},{\"@type\":\"ListItem\",\"position\":2,\"name\":\"Zer ikusi\",\"item\":\"https:\\\/\\\/bizibermeo.eus\\\/fr\\\/zer-ikusi\\\/\"},{\"@type\":\"ListItem\",\"position\":3,\"name\":\"Gaztelu\"}]},{\"@type\":\"WebSite\",\"@id\":\"https:\\\/\\\/bizibermeo.eus\\\/fr\\\/#website\",\"url\":\"https:\\\/\\\/bizibermeo.eus\\\/fr\\\/\",\"name\":\"Bizi Bermeo\",\"description\":\"Ongi etorri Bermeora!\",\"publisher\":{\"@id\":\"https:\\\/\\\/bizibermeo.eus\\\/fr\\\/#organization\"},\"potentialAction\":[{\"@type\":\"SearchAction\",\"target\":{\"@type\":\"EntryPoint\",\"urlTemplate\":\"https:\\\/\\\/bizibermeo.eus\\\/fr\\\/?s={search_term_string}\"},\"query-input\":{\"@type\":\"PropertyValueSpecification\",\"valueRequired\":true,\"valueName\":\"search_term_string\"}}],\"inLanguage\":\"fr-FR\"},{\"@type\":\"Organization\",\"@id\":\"https:\\\/\\\/bizibermeo.eus\\\/fr\\\/#organization\",\"name\":\"Bizi Bermeo\",\"url\":\"https:\\\/\\\/bizibermeo.eus\\\/fr\\\/\",\"logo\":{\"@type\":\"ImageObject\",\"inLanguage\":\"fr-FR\",\"@id\":\"https:\\\/\\\/bizibermeo.eus\\\/fr\\\/#\\\/schema\\\/logo\\\/image\\\/\",\"url\":\"https:\\\/\\\/bizibermeo.eus\\\/wp-content\\\/uploads\\\/2024\\\/10\\\/symbol.svg\",\"contentUrl\":\"https:\\\/\\\/bizibermeo.eus\\\/wp-content\\\/uploads\\\/2024\\\/10\\\/symbol.svg\",\"width\":333,\"height\":545,\"caption\":\"Bizi Bermeo\"},\"image\":{\"@id\":\"https:\\\/\\\/bizibermeo.eus\\\/fr\\\/#\\\/schema\\\/logo\\\/image\\\/\"}}]}<\/script>\n<!-- \/ Yoast SEO plugin. -->","yoast_head_json":{"title":"Gaztelu - Bizi Bermeo","robots":{"index":"noindex","follow":"follow"},"og_locale":"fr_FR","og_type":"article","og_title":"Gaztelu - Bizi Bermeo","og_description":"Gaztelu est une petite p\u00e9ninsule situ\u00e9e au sud du vieux port. M\u00eame si son nom signifie ch\u00e2teau en basque, il n\u2019existe aucune \u00e9vidence historique indiquant qu\u2019il y en ait jamais eu un. Par contre, ce fut un refuge contenant des canons durant les XVIIe et XIXe. \u200b Ce belv\u00e9d\u00e8re offre une perspective diff\u00e9rente de la [&hellip;]","og_url":"https:\/\/bizibermeo.eus\/fr\/zer-ikusi\/gaztelu\/","og_site_name":"Bizi Bermeo","article_modified_time":"2026-03-02T09:00:24+00:00","og_image":[{"width":1280,"height":854,"url":"https:\/\/bizibermeo.eus\/wp-content\/uploads\/2024\/10\/Gaztelu-01-Medium.jpg","type":"image\/jpeg"}],"twitter_card":"summary_large_image","twitter_misc":{"Dur\u00e9e de lecture estim\u00e9e":"1 minute"},"schema":{"@context":"https:\/\/schema.org","@graph":[{"@type":"WebPage","@id":"https:\/\/bizibermeo.eus\/fr\/zer-ikusi\/gaztelu\/","url":"https:\/\/bizibermeo.eus\/fr\/zer-ikusi\/gaztelu\/","name":"Gaztelu - Bizi Bermeo","isPartOf":{"@id":"https:\/\/bizibermeo.eus\/fr\/#website"},"primaryImageOfPage":{"@id":"https:\/\/bizibermeo.eus\/fr\/zer-ikusi\/gaztelu\/#primaryimage"},"image":{"@id":"https:\/\/bizibermeo.eus\/fr\/zer-ikusi\/gaztelu\/#primaryimage"},"thumbnailUrl":"https:\/\/bizibermeo.eus\/wp-content\/uploads\/2024\/10\/Gaztelu-01-Medium.jpg","datePublished":"2024-10-31T14:34:13+00:00","dateModified":"2026-03-02T09:00:24+00:00","breadcrumb":{"@id":"https:\/\/bizibermeo.eus\/fr\/zer-ikusi\/gaztelu\/#breadcrumb"},"inLanguage":"fr-FR","potentialAction":[{"@type":"ReadAction","target":["https:\/\/bizibermeo.eus\/fr\/zer-ikusi\/gaztelu\/"]}]},{"@type":"ImageObject","inLanguage":"fr-FR","@id":"https:\/\/bizibermeo.eus\/fr\/zer-ikusi\/gaztelu\/#primaryimage","url":"https:\/\/bizibermeo.eus\/wp-content\/uploads\/2024\/10\/Gaztelu-01-Medium.jpg","contentUrl":"https:\/\/bizibermeo.eus\/wp-content\/uploads\/2024\/10\/Gaztelu-01-Medium.jpg","width":1280,"height":854},{"@type":"BreadcrumbList","@id":"https:\/\/bizibermeo.eus\/fr\/zer-ikusi\/gaztelu\/#breadcrumb","itemListElement":[{"@type":"ListItem","position":1,"name":"Home","item":"https:\/\/bizibermeo.eus\/fr\/"},{"@type":"ListItem","position":2,"name":"Zer ikusi","item":"https:\/\/bizibermeo.eus\/fr\/zer-ikusi\/"},{"@type":"ListItem","position":3,"name":"Gaztelu"}]},{"@type":"WebSite","@id":"https:\/\/bizibermeo.eus\/fr\/#website","url":"https:\/\/bizibermeo.eus\/fr\/","name":"Bizi Bermeo","description":"Ongi etorri Bermeora!","publisher":{"@id":"https:\/\/bizibermeo.eus\/fr\/#organization"},"potentialAction":[{"@type":"SearchAction","target":{"@type":"EntryPoint","urlTemplate":"https:\/\/bizibermeo.eus\/fr\/?s={search_term_string}"},"query-input":{"@type":"PropertyValueSpecification","valueRequired":true,"valueName":"search_term_string"}}],"inLanguage":"fr-FR"},{"@type":"Organization","@id":"https:\/\/bizibermeo.eus\/fr\/#organization","name":"Bizi Bermeo","url":"https:\/\/bizibermeo.eus\/fr\/","logo":{"@type":"ImageObject","inLanguage":"fr-FR","@id":"https:\/\/bizibermeo.eus\/fr\/#\/schema\/logo\/image\/","url":"https:\/\/bizibermeo.eus\/wp-content\/uploads\/2024\/10\/symbol.svg","contentUrl":"https:\/\/bizibermeo.eus\/wp-content\/uploads\/2024\/10\/symbol.svg","width":333,"height":545,"caption":"Bizi Bermeo"},"image":{"@id":"https:\/\/bizibermeo.eus\/fr\/#\/schema\/logo\/image\/"}}]}},"_links":{"self":[{"href":"https:\/\/bizibermeo.eus\/fr\/wp-json\/wp\/v2\/zer-ikusi\/4683","targetHints":{"allow":["GET"]}}],"collection":[{"href":"https:\/\/bizibermeo.eus\/fr\/wp-json\/wp\/v2\/zer-ikusi"}],"about":[{"href":"https:\/\/bizibermeo.eus\/fr\/wp-json\/wp\/v2\/types\/zer-ikusi"}],"wp:featuredmedia":[{"embeddable":true,"href":"https:\/\/bizibermeo.eus\/fr\/wp-json\/wp\/v2\/media\/3618"}],"wp:attachment":[{"href":"https:\/\/bizibermeo.eus\/fr\/wp-json\/wp\/v2\/media?parent=4683"}],"wp:term":[{"taxonomy":"ikusi-atala","embeddable":true,"href":"https:\/\/bizibermeo.eus\/fr\/wp-json\/wp\/v2\/ikusi-atala?post=4683"}],"curies":[{"name":"wp","href":"https:\/\/api.w.org\/{rel}","templated":true}]}}

<p>Gaztelu est une petite péninsule située au sud du vieux port. Même si son nom signifie château en basque, il n’existe aucune évidence historique indiquant qu’il y en ait jamais eu un. Par contre, ce fut un refuge contenant des canons durant les XVIIe et XIXe.<br />
​<br />
Ce belvédère offre une perspective différente de la localité ; face à nous se dresse la sculpture « La ola » (La vague), la dernière œuvre de Nestor Basterretxea pour sa localité. Sur la droite, au bout du quai, « El regreso » (Le retour) de Carlos Solano et sur la gauche, sous les maisons du vieux port, « Ultima ola, último aliento » (Dernière vague, dernier souffle) d’Enrike Zubia.</p>
<p>Vers le sud, on aperçoit le bâtiment Kikunbera (1930), conçu par l’architecte Fernando Arzadun Ibarra comme résidence pour ses parents et ressemblant à un bateau, une des premières constructions rationalistes du Pays Basque.</p>

<!-- This site is optimized with the Yoast SEO plugin v27.4 - https://yoast.com/product/yoast-seo-wordpress/ -->
<title>Gaztelu - Bizi Bermeo</title>
<meta name="robots" content="noindex, follow" />
<meta property="og:locale" content="fr_FR" />
<meta property="og:type" content="article" />
<meta property="og:title" content="Gaztelu - Bizi Bermeo" />
<meta property="og:description" content="Gaztelu est une petite péninsule située au sud du vieux port. Même si son nom signifie château en basque, il n’existe aucune évidence historique indiquant qu’il y en ait jamais eu un. Par contre, ce fut un refuge contenant des canons durant les XVIIe et XIXe. ​ Ce belvédère offre une perspective différente de la [&hellip;]" />
<meta property="og:url" content="https://bizibermeo.eus/fr/zer-ikusi/gaztelu/" />
<meta property="og:site_name" content="Bizi Bermeo" />
<meta property="article:modified_time" content="2026-03-02T09:00:24+00:00" />
<meta property="og:image" content="https://bizibermeo.eus/wp-content/uploads/2024/10/Gaztelu-01-Medium.jpg" />
	<meta property="og:image:width" content="1280" />
	<meta property="og:image:height" content="854" />
	<meta property="og:image:type" content="image/jpeg" />
<meta name="twitter:card" content="summary_large_image" />
<meta name="twitter:label1" content="Durée de lecture estimée" />
	<meta name="twitter:data1" content="1 minute" />
<script type="application/ld+json" class="yoast-schema-graph">{"@context":"https:\/\/schema.org","@graph":[{"@type":"WebPage","@id":"https:\/\/bizibermeo.eus\/fr\/zer-ikusi\/gaztelu\/","url":"https:\/\/bizibermeo.eus\/fr\/zer-ikusi\/gaztelu\/","name":"Gaztelu - Bizi Bermeo","isPartOf":{"@id":"https:\/\/bizibermeo.eus\/fr\/#website"},"primaryImageOfPage":{"@id":"https:\/\/bizibermeo.eus\/fr\/zer-ikusi\/gaztelu\/#primaryimage"},"image":{"@id":"https:\/\/bizibermeo.eus\/fr\/zer-ikusi\/gaztelu\/#primaryimage"},"thumbnailUrl":"https:\/\/bizibermeo.eus\/wp-content\/uploads\/2024\/10\/Gaztelu-01-Medium.jpg","datePublished":"2024-10-31T14:34:13+00:00","dateModified":"2026-03-02T09:00:24+00:00","breadcrumb":{"@id":"https:\/\/bizibermeo.eus\/fr\/zer-ikusi\/gaztelu\/#breadcrumb"},"inLanguage":"fr-FR","potentialAction":[{"@type":"ReadAction","target":["https:\/\/bizibermeo.eus\/fr\/zer-ikusi\/gaztelu\/"]}]},{"@type":"ImageObject","inLanguage":"fr-FR","@id":"https:\/\/bizibermeo.eus\/fr\/zer-ikusi\/gaztelu\/#primaryimage","url":"https:\/\/bizibermeo.eus\/wp-content\/uploads\/2024\/10\/Gaztelu-01-Medium.jpg","contentUrl":"https:\/\/bizibermeo.eus\/wp-content\/uploads\/2024\/10\/Gaztelu-01-Medium.jpg","width":1280,"height":854},{"@type":"BreadcrumbList","@id":"https:\/\/bizibermeo.eus\/fr\/zer-ikusi\/gaztelu\/#breadcrumb","itemListElement":[{"@type":"ListItem","position":1,"name":"Home","item":"https:\/\/bizibermeo.eus\/fr\/"},{"@type":"ListItem","position":2,"name":"Zer ikusi","item":"https:\/\/bizibermeo.eus\/fr\/zer-ikusi\/"},{"@type":"ListItem","position":3,"name":"Gaztelu"}]},{"@type":"WebSite","@id":"https:\/\/bizibermeo.eus\/fr\/#website","url":"https:\/\/bizibermeo.eus\/fr\/","name":"Bizi Bermeo","description":"Ongi etorri Bermeora!","publisher":{"@id":"https:\/\/bizibermeo.eus\/fr\/#organization"},"potentialAction":[{"@type":"SearchAction","target":{"@type":"EntryPoint","urlTemplate":"https:\/\/bizibermeo.eus\/fr\/?s={search_term_string}"},"query-input":{"@type":"PropertyValueSpecification","valueRequired":true,"valueName":"search_term_string"}}],"inLanguage":"fr-FR"},{"@type":"Organization","@id":"https:\/\/bizibermeo.eus\/fr\/#organization","name":"Bizi Bermeo","url":"https:\/\/bizibermeo.eus\/fr\/","logo":{"@type":"ImageObject","inLanguage":"fr-FR","@id":"https:\/\/bizibermeo.eus\/fr\/#\/schema\/logo\/image\/","url":"https:\/\/bizibermeo.eus\/wp-content\/uploads\/2024\/10\/symbol.svg","contentUrl":"https:\/\/bizibermeo.eus\/wp-content\/uploads\/2024\/10\/symbol.svg","width":333,"height":545,"caption":"Bizi Bermeo"},"image":{"@id":"https:\/\/bizibermeo.eus\/fr\/#\/schema\/logo\/image\/"}}]}</script>
<!-- / Yoast SEO plugin. -->

Gaztelu est une petite péninsule située au sud du vieux port. Même si son nom signifie château en basque, il n’existe aucune évidence historique indiquant qu’il y en ait jamais eu un. Par contre, ce fut un refuge contenant des canons durant les XVIIe et XIXe. ​ Ce belvédère offre une perspective différente de la [&hellip;]
