{"id":4688,"date":"2024-10-31T15:40:55","date_gmt":"2024-10-31T14:40:55","guid":{"rendered":"https:\/\/bizibermeo.eus\/zer-ikusi\/iglesia-de-santa-eufemia\/"},"modified":"2026-03-02T09:29:46","modified_gmt":"2026-03-02T08:29:46","slug":"iglesia-de-santa-eufemia","status":"publish","type":"zer-ikusi","link":"https:\/\/bizibermeo.eus\/es\/zer-ikusi\/iglesia-de-santa-eufemia\/","title":{"rendered":"Iglesia de Santa Eufemia"},"content":{"rendered":"<p class=\"font_8 wixui-rich-text__text\">La iglesia de Santa Eufemia ser\u00eda constru\u00edda probablemente en el\u00a0<span class=\"wixui-rich-text__text\">siglo XIII<\/span>\u00a0y la\u00a0<span class=\"wixui-rich-text__text\">reconstruyeron<\/span>\u00a0a finales del siglo XV. Ubicada entre los dos puertos de Bermeo, se la conoce como la\u00a0<span class=\"wixui-rich-text__text\">iglesia del puerto<\/span>.<\/p>\n<p class=\"font_8 wixui-rich-text__text\">En lo referente a su estilo arquitect\u00f3nico es\u00a0<span class=\"wixui-rich-text__text\">g\u00f3tica<\/span>, tal y como se observa en ventanas, puertas y nervios. Es de nave \u00fanica con el coro a un extremo y el \u00a0\u00e1pside poligonal al frente , \u00a0con dos capillas laterales. Junto a la segunda capilla a mano derecha la\u00a0<span class=\"wixui-rich-text__text\">tumba de los Mendoza<\/span>, que anteriormente fue la de los Aroztegi. Construida en \u00e9poca de un g\u00f3tico floreciente. Su torre se erigi\u00f3 en 1783 , de\u00a0 una c\u00fapula adornada con pin\u00e1culos, seg\u00fan el dise\u00f1o del maestro Gabriel Kapelastegi.<\/p>\n<p class=\"font_8 wixui-rich-text__text\">La mayor singularidad de la\u00a0<span class=\"wixui-rich-text__text\">iglesia<\/span>\u00a0de Santa Eufemia es la de ser\u00a0<span class=\"wixui-rich-text__text\">juradera<\/span>, junto a la de San Emeterio y San Celedonio en Goikoelexea, Larrabetzu y la iglesia Andra Mari de Gernika. En estas iglesias ten\u00edan que firmar los fueros los\u00a0<span class=\"wixui-rich-text__text\">se\u00f1ores de Bizkaia.<\/span><\/p>\n","protected":false},"featured_media":3643,"parent":0,"template":"","meta":{"_acf_changed":false},"ikusi-atala":[100],"class_list":["post-4688","zer-ikusi","type-zer-ikusi","status-publish","has-post-thumbnail","hentry","ikusi-atala-lugares-de-interes"],"acf":[],"yoast_head":"<!-- This site is optimized with the Yoast SEO plugin v27.4 - https:\/\/yoast.com\/product\/yoast-seo-wordpress\/ -->\n<title>Iglesia de Santa Eufemia - Bizi Bermeo<\/title>\n<meta name=\"robots\" content=\"noindex, follow\" \/>\n<meta property=\"og:locale\" content=\"es_ES\" \/>\n<meta property=\"og:type\" content=\"article\" \/>\n<meta property=\"og:title\" content=\"Iglesia de Santa Eufemia - Bizi Bermeo\" \/>\n<meta property=\"og:description\" content=\"La iglesia de Santa Eufemia ser\u00eda constru\u00edda probablemente en el\u00a0siglo XIII\u00a0y la\u00a0reconstruyeron\u00a0a finales del siglo XV. Ubicada entre los dos puertos de Bermeo, se la conoce como la\u00a0iglesia del puerto. En lo referente a su estilo arquitect\u00f3nico es\u00a0g\u00f3tica, tal y como se observa en ventanas, puertas y nervios. Es de nave \u00fanica con el coro [&hellip;]\" \/>\n<meta property=\"og:url\" content=\"https:\/\/bizibermeo.eus\/es\/zer-ikusi\/iglesia-de-santa-eufemia\/\" \/>\n<meta property=\"og:site_name\" content=\"Bizi Bermeo\" \/>\n<meta property=\"article:modified_time\" content=\"2026-03-02T08:29:46+00:00\" \/>\n<meta property=\"og:image\" content=\"https:\/\/bizibermeo.eus\/wp-content\/uploads\/2024\/10\/santa-eufemia.jpg\" \/>\n\t<meta property=\"og:image:width\" content=\"1280\" \/>\n\t<meta property=\"og:image:height\" content=\"855\" \/>\n\t<meta property=\"og:image:type\" content=\"image\/jpeg\" \/>\n<meta name=\"twitter:card\" content=\"summary_large_image\" \/>\n<meta name=\"twitter:label1\" content=\"Tiempo de lectura\" \/>\n\t<meta name=\"twitter:data1\" content=\"1 minuto\" \/>\n<script type=\"application\/ld+json\" class=\"yoast-schema-graph\">{\"@context\":\"https:\\\/\\\/schema.org\",\"@graph\":[{\"@type\":\"WebPage\",\"@id\":\"https:\\\/\\\/bizibermeo.eus\\\/es\\\/zer-ikusi\\\/iglesia-de-santa-eufemia\\\/\",\"url\":\"https:\\\/\\\/bizibermeo.eus\\\/es\\\/zer-ikusi\\\/iglesia-de-santa-eufemia\\\/\",\"name\":\"Iglesia de Santa Eufemia - Bizi Bermeo\",\"isPartOf\":{\"@id\":\"https:\\\/\\\/bizibermeo.eus\\\/es\\\/#website\"},\"primaryImageOfPage\":{\"@id\":\"https:\\\/\\\/bizibermeo.eus\\\/es\\\/zer-ikusi\\\/iglesia-de-santa-eufemia\\\/#primaryimage\"},\"image\":{\"@id\":\"https:\\\/\\\/bizibermeo.eus\\\/es\\\/zer-ikusi\\\/iglesia-de-santa-eufemia\\\/#primaryimage\"},\"thumbnailUrl\":\"https:\\\/\\\/bizibermeo.eus\\\/wp-content\\\/uploads\\\/2024\\\/10\\\/santa-eufemia.jpg\",\"datePublished\":\"2024-10-31T14:40:55+00:00\",\"dateModified\":\"2026-03-02T08:29:46+00:00\",\"breadcrumb\":{\"@id\":\"https:\\\/\\\/bizibermeo.eus\\\/es\\\/zer-ikusi\\\/iglesia-de-santa-eufemia\\\/#breadcrumb\"},\"inLanguage\":\"es\",\"potentialAction\":[{\"@type\":\"ReadAction\",\"target\":[\"https:\\\/\\\/bizibermeo.eus\\\/es\\\/zer-ikusi\\\/iglesia-de-santa-eufemia\\\/\"]}]},{\"@type\":\"ImageObject\",\"inLanguage\":\"es\",\"@id\":\"https:\\\/\\\/bizibermeo.eus\\\/es\\\/zer-ikusi\\\/iglesia-de-santa-eufemia\\\/#primaryimage\",\"url\":\"https:\\\/\\\/bizibermeo.eus\\\/wp-content\\\/uploads\\\/2024\\\/10\\\/santa-eufemia.jpg\",\"contentUrl\":\"https:\\\/\\\/bizibermeo.eus\\\/wp-content\\\/uploads\\\/2024\\\/10\\\/santa-eufemia.jpg\",\"width\":1280,\"height\":855},{\"@type\":\"BreadcrumbList\",\"@id\":\"https:\\\/\\\/bizibermeo.eus\\\/es\\\/zer-ikusi\\\/iglesia-de-santa-eufemia\\\/#breadcrumb\",\"itemListElement\":[{\"@type\":\"ListItem\",\"position\":1,\"name\":\"Home\",\"item\":\"https:\\\/\\\/bizibermeo.eus\\\/es\\\/\"},{\"@type\":\"ListItem\",\"position\":2,\"name\":\"Zer ikusi\",\"item\":\"https:\\\/\\\/bizibermeo.eus\\\/es\\\/zer-ikusi\\\/\"},{\"@type\":\"ListItem\",\"position\":3,\"name\":\"Iglesia de Santa Eufemia\"}]},{\"@type\":\"WebSite\",\"@id\":\"https:\\\/\\\/bizibermeo.eus\\\/es\\\/#website\",\"url\":\"https:\\\/\\\/bizibermeo.eus\\\/es\\\/\",\"name\":\"Bizi Bermeo\",\"description\":\"Ongi etorri Bermeora!\",\"publisher\":{\"@id\":\"https:\\\/\\\/bizibermeo.eus\\\/es\\\/#organization\"},\"potentialAction\":[{\"@type\":\"SearchAction\",\"target\":{\"@type\":\"EntryPoint\",\"urlTemplate\":\"https:\\\/\\\/bizibermeo.eus\\\/es\\\/?s={search_term_string}\"},\"query-input\":{\"@type\":\"PropertyValueSpecification\",\"valueRequired\":true,\"valueName\":\"search_term_string\"}}],\"inLanguage\":\"es\"},{\"@type\":\"Organization\",\"@id\":\"https:\\\/\\\/bizibermeo.eus\\\/es\\\/#organization\",\"name\":\"Bizi Bermeo\",\"url\":\"https:\\\/\\\/bizibermeo.eus\\\/es\\\/\",\"logo\":{\"@type\":\"ImageObject\",\"inLanguage\":\"es\",\"@id\":\"https:\\\/\\\/bizibermeo.eus\\\/es\\\/#\\\/schema\\\/logo\\\/image\\\/\",\"url\":\"https:\\\/\\\/bizibermeo.eus\\\/wp-content\\\/uploads\\\/2024\\\/10\\\/symbol.svg\",\"contentUrl\":\"https:\\\/\\\/bizibermeo.eus\\\/wp-content\\\/uploads\\\/2024\\\/10\\\/symbol.svg\",\"width\":333,\"height\":545,\"caption\":\"Bizi Bermeo\"},\"image\":{\"@id\":\"https:\\\/\\\/bizibermeo.eus\\\/es\\\/#\\\/schema\\\/logo\\\/image\\\/\"}}]}<\/script>\n<!-- \/ Yoast SEO plugin. -->","yoast_head_json":{"title":"Iglesia de Santa Eufemia - Bizi Bermeo","robots":{"index":"noindex","follow":"follow"},"og_locale":"es_ES","og_type":"article","og_title":"Iglesia de Santa Eufemia - Bizi Bermeo","og_description":"La iglesia de Santa Eufemia ser\u00eda constru\u00edda probablemente en el\u00a0siglo XIII\u00a0y la\u00a0reconstruyeron\u00a0a finales del siglo XV. Ubicada entre los dos puertos de Bermeo, se la conoce como la\u00a0iglesia del puerto. En lo referente a su estilo arquitect\u00f3nico es\u00a0g\u00f3tica, tal y como se observa en ventanas, puertas y nervios. Es de nave \u00fanica con el coro [&hellip;]","og_url":"https:\/\/bizibermeo.eus\/es\/zer-ikusi\/iglesia-de-santa-eufemia\/","og_site_name":"Bizi Bermeo","article_modified_time":"2026-03-02T08:29:46+00:00","og_image":[{"width":1280,"height":855,"url":"https:\/\/bizibermeo.eus\/wp-content\/uploads\/2024\/10\/santa-eufemia.jpg","type":"image\/jpeg"}],"twitter_card":"summary_large_image","twitter_misc":{"Tiempo de lectura":"1 minuto"},"schema":{"@context":"https:\/\/schema.org","@graph":[{"@type":"WebPage","@id":"https:\/\/bizibermeo.eus\/es\/zer-ikusi\/iglesia-de-santa-eufemia\/","url":"https:\/\/bizibermeo.eus\/es\/zer-ikusi\/iglesia-de-santa-eufemia\/","name":"Iglesia de Santa Eufemia - Bizi Bermeo","isPartOf":{"@id":"https:\/\/bizibermeo.eus\/es\/#website"},"primaryImageOfPage":{"@id":"https:\/\/bizibermeo.eus\/es\/zer-ikusi\/iglesia-de-santa-eufemia\/#primaryimage"},"image":{"@id":"https:\/\/bizibermeo.eus\/es\/zer-ikusi\/iglesia-de-santa-eufemia\/#primaryimage"},"thumbnailUrl":"https:\/\/bizibermeo.eus\/wp-content\/uploads\/2024\/10\/santa-eufemia.jpg","datePublished":"2024-10-31T14:40:55+00:00","dateModified":"2026-03-02T08:29:46+00:00","breadcrumb":{"@id":"https:\/\/bizibermeo.eus\/es\/zer-ikusi\/iglesia-de-santa-eufemia\/#breadcrumb"},"inLanguage":"es","potentialAction":[{"@type":"ReadAction","target":["https:\/\/bizibermeo.eus\/es\/zer-ikusi\/iglesia-de-santa-eufemia\/"]}]},{"@type":"ImageObject","inLanguage":"es","@id":"https:\/\/bizibermeo.eus\/es\/zer-ikusi\/iglesia-de-santa-eufemia\/#primaryimage","url":"https:\/\/bizibermeo.eus\/wp-content\/uploads\/2024\/10\/santa-eufemia.jpg","contentUrl":"https:\/\/bizibermeo.eus\/wp-content\/uploads\/2024\/10\/santa-eufemia.jpg","width":1280,"height":855},{"@type":"BreadcrumbList","@id":"https:\/\/bizibermeo.eus\/es\/zer-ikusi\/iglesia-de-santa-eufemia\/#breadcrumb","itemListElement":[{"@type":"ListItem","position":1,"name":"Home","item":"https:\/\/bizibermeo.eus\/es\/"},{"@type":"ListItem","position":2,"name":"Zer ikusi","item":"https:\/\/bizibermeo.eus\/es\/zer-ikusi\/"},{"@type":"ListItem","position":3,"name":"Iglesia de Santa Eufemia"}]},{"@type":"WebSite","@id":"https:\/\/bizibermeo.eus\/es\/#website","url":"https:\/\/bizibermeo.eus\/es\/","name":"Bizi Bermeo","description":"Ongi etorri Bermeora!","publisher":{"@id":"https:\/\/bizibermeo.eus\/es\/#organization"},"potentialAction":[{"@type":"SearchAction","target":{"@type":"EntryPoint","urlTemplate":"https:\/\/bizibermeo.eus\/es\/?s={search_term_string}"},"query-input":{"@type":"PropertyValueSpecification","valueRequired":true,"valueName":"search_term_string"}}],"inLanguage":"es"},{"@type":"Organization","@id":"https:\/\/bizibermeo.eus\/es\/#organization","name":"Bizi Bermeo","url":"https:\/\/bizibermeo.eus\/es\/","logo":{"@type":"ImageObject","inLanguage":"es","@id":"https:\/\/bizibermeo.eus\/es\/#\/schema\/logo\/image\/","url":"https:\/\/bizibermeo.eus\/wp-content\/uploads\/2024\/10\/symbol.svg","contentUrl":"https:\/\/bizibermeo.eus\/wp-content\/uploads\/2024\/10\/symbol.svg","width":333,"height":545,"caption":"Bizi Bermeo"},"image":{"@id":"https:\/\/bizibermeo.eus\/es\/#\/schema\/logo\/image\/"}}]}},"_links":{"self":[{"href":"https:\/\/bizibermeo.eus\/es\/wp-json\/wp\/v2\/zer-ikusi\/4688","targetHints":{"allow":["GET"]}}],"collection":[{"href":"https:\/\/bizibermeo.eus\/es\/wp-json\/wp\/v2\/zer-ikusi"}],"about":[{"href":"https:\/\/bizibermeo.eus\/es\/wp-json\/wp\/v2\/types\/zer-ikusi"}],"wp:featuredmedia":[{"embeddable":true,"href":"https:\/\/bizibermeo.eus\/es\/wp-json\/wp\/v2\/media\/3643"}],"wp:attachment":[{"href":"https:\/\/bizibermeo.eus\/es\/wp-json\/wp\/v2\/media?parent=4688"}],"wp:term":[{"taxonomy":"ikusi-atala","embeddable":true,"href":"https:\/\/bizibermeo.eus\/es\/wp-json\/wp\/v2\/ikusi-atala?post=4688"}],"curies":[{"name":"wp","href":"https:\/\/api.w.org\/{rel}","templated":true}]}}

<p class="font_8 wixui-rich-text__text">La iglesia de Santa Eufemia sería construída probablemente en el <span class="wixui-rich-text__text">siglo XIII</span> y la <span class="wixui-rich-text__text">reconstruyeron</span> a finales del siglo XV. Ubicada entre los dos puertos de Bermeo, se la conoce como la <span class="wixui-rich-text__text">iglesia del puerto</span>.</p>
<p class="font_8 wixui-rich-text__text">En lo referente a su estilo arquitectónico es <span class="wixui-rich-text__text">gótica</span>, tal y como se observa en ventanas, puertas y nervios. Es de nave única con el coro a un extremo y el  ápside poligonal al frente ,  con dos capillas laterales. Junto a la segunda capilla a mano derecha la <span class="wixui-rich-text__text">tumba de los Mendoza</span>, que anteriormente fue la de los Aroztegi. Construida en época de un gótico floreciente. Su torre se erigió en 1783 , de  una cúpula adornada con pináculos, según el diseño del maestro Gabriel Kapelastegi.</p>
<p class="font_8 wixui-rich-text__text">La mayor singularidad de la <span class="wixui-rich-text__text">iglesia</span> de Santa Eufemia es la de ser <span class="wixui-rich-text__text">juradera</span>, junto a la de San Emeterio y San Celedonio en Goikoelexea, Larrabetzu y la iglesia Andra Mari de Gernika. En estas iglesias tenían que firmar los fueros los <span class="wixui-rich-text__text">señores de Bizkaia.</span></p>

<!-- This site is optimized with the Yoast SEO plugin v27.4 - https://yoast.com/product/yoast-seo-wordpress/ -->
<title>Iglesia de Santa Eufemia - Bizi Bermeo</title>
<meta name="robots" content="noindex, follow" />
<meta property="og:locale" content="es_ES" />
<meta property="og:type" content="article" />
<meta property="og:title" content="Iglesia de Santa Eufemia - Bizi Bermeo" />
<meta property="og:description" content="La iglesia de Santa Eufemia sería construída probablemente en el siglo XIII y la reconstruyeron a finales del siglo XV. Ubicada entre los dos puertos de Bermeo, se la conoce como la iglesia del puerto. En lo referente a su estilo arquitectónico es gótica, tal y como se observa en ventanas, puertas y nervios. Es de nave única con el coro [&hellip;]" />
<meta property="og:url" content="https://bizibermeo.eus/es/zer-ikusi/iglesia-de-santa-eufemia/" />
<meta property="og:site_name" content="Bizi Bermeo" />
<meta property="article:modified_time" content="2026-03-02T08:29:46+00:00" />
<meta property="og:image" content="https://bizibermeo.eus/wp-content/uploads/2024/10/santa-eufemia.jpg" />
	<meta property="og:image:width" content="1280" />
	<meta property="og:image:height" content="855" />
	<meta property="og:image:type" content="image/jpeg" />
<meta name="twitter:card" content="summary_large_image" />
<meta name="twitter:label1" content="Tiempo de lectura" />
	<meta name="twitter:data1" content="1 minuto" />
<script type="application/ld+json" class="yoast-schema-graph">{"@context":"https:\/\/schema.org","@graph":[{"@type":"WebPage","@id":"https:\/\/bizibermeo.eus\/es\/zer-ikusi\/iglesia-de-santa-eufemia\/","url":"https:\/\/bizibermeo.eus\/es\/zer-ikusi\/iglesia-de-santa-eufemia\/","name":"Iglesia de Santa Eufemia - Bizi Bermeo","isPartOf":{"@id":"https:\/\/bizibermeo.eus\/es\/#website"},"primaryImageOfPage":{"@id":"https:\/\/bizibermeo.eus\/es\/zer-ikusi\/iglesia-de-santa-eufemia\/#primaryimage"},"image":{"@id":"https:\/\/bizibermeo.eus\/es\/zer-ikusi\/iglesia-de-santa-eufemia\/#primaryimage"},"thumbnailUrl":"https:\/\/bizibermeo.eus\/wp-content\/uploads\/2024\/10\/santa-eufemia.jpg","datePublished":"2024-10-31T14:40:55+00:00","dateModified":"2026-03-02T08:29:46+00:00","breadcrumb":{"@id":"https:\/\/bizibermeo.eus\/es\/zer-ikusi\/iglesia-de-santa-eufemia\/#breadcrumb"},"inLanguage":"es","potentialAction":[{"@type":"ReadAction","target":["https:\/\/bizibermeo.eus\/es\/zer-ikusi\/iglesia-de-santa-eufemia\/"]}]},{"@type":"ImageObject","inLanguage":"es","@id":"https:\/\/bizibermeo.eus\/es\/zer-ikusi\/iglesia-de-santa-eufemia\/#primaryimage","url":"https:\/\/bizibermeo.eus\/wp-content\/uploads\/2024\/10\/santa-eufemia.jpg","contentUrl":"https:\/\/bizibermeo.eus\/wp-content\/uploads\/2024\/10\/santa-eufemia.jpg","width":1280,"height":855},{"@type":"BreadcrumbList","@id":"https:\/\/bizibermeo.eus\/es\/zer-ikusi\/iglesia-de-santa-eufemia\/#breadcrumb","itemListElement":[{"@type":"ListItem","position":1,"name":"Home","item":"https:\/\/bizibermeo.eus\/es\/"},{"@type":"ListItem","position":2,"name":"Zer ikusi","item":"https:\/\/bizibermeo.eus\/es\/zer-ikusi\/"},{"@type":"ListItem","position":3,"name":"Iglesia de Santa Eufemia"}]},{"@type":"WebSite","@id":"https:\/\/bizibermeo.eus\/es\/#website","url":"https:\/\/bizibermeo.eus\/es\/","name":"Bizi Bermeo","description":"Ongi etorri Bermeora!","publisher":{"@id":"https:\/\/bizibermeo.eus\/es\/#organization"},"potentialAction":[{"@type":"SearchAction","target":{"@type":"EntryPoint","urlTemplate":"https:\/\/bizibermeo.eus\/es\/?s={search_term_string}"},"query-input":{"@type":"PropertyValueSpecification","valueRequired":true,"valueName":"search_term_string"}}],"inLanguage":"es"},{"@type":"Organization","@id":"https:\/\/bizibermeo.eus\/es\/#organization","name":"Bizi Bermeo","url":"https:\/\/bizibermeo.eus\/es\/","logo":{"@type":"ImageObject","inLanguage":"es","@id":"https:\/\/bizibermeo.eus\/es\/#\/schema\/logo\/image\/","url":"https:\/\/bizibermeo.eus\/wp-content\/uploads\/2024\/10\/symbol.svg","contentUrl":"https:\/\/bizibermeo.eus\/wp-content\/uploads\/2024\/10\/symbol.svg","width":333,"height":545,"caption":"Bizi Bermeo"},"image":{"@id":"https:\/\/bizibermeo.eus\/es\/#\/schema\/logo\/image\/"}}]}</script>
<!-- / Yoast SEO plugin. -->

La iglesia de Santa Eufemia sería construída probablemente en el siglo XIII y la reconstruyeron a finales del siglo XV. Ubicada entre los dos puertos de Bermeo, se la conoce como la iglesia del puerto. En lo referente a su estilo arquitectónico es gótica, tal y como se observa en ventanas, puertas y nervios. Es de nave única con el coro [&hellip;]
