{"version":"1.0","provider_name":"Bizi Bermeo","provider_url":"https:\/\/bizibermeo.eus\/es\/","title":"Cofrad\u00eda de San Pedro - Bizi Bermeo","type":"rich","width":600,"height":338,"html":"<blockquote class=\"wp-embedded-content\" data-secret=\"o36JMUpKAV\"><a href=\"https:\/\/bizibermeo.eus\/es\/zer-ikusi\/cofradia-de-san-pedro\/\">Cofrad\u00eda de San Pedro<\/a><\/blockquote><iframe sandbox=\"allow-scripts\" security=\"restricted\" src=\"https:\/\/bizibermeo.eus\/es\/zer-ikusi\/cofradia-de-san-pedro\/embed\/#?secret=o36JMUpKAV\" width=\"600\" height=\"338\" title=\"\u00abCofrad\u00eda de San Pedro\u00bb \u2014 Bizi Bermeo\" data-secret=\"o36JMUpKAV\" frameborder=\"0\" marginwidth=\"0\" marginheight=\"0\" scrolling=\"no\" class=\"wp-embedded-content\"><\/iframe><script>\n\/*! This file is auto-generated *\/\n!function(d,l){\"use strict\";l.querySelector&&d.addEventListener&&\"undefined\"!=typeof URL&&(d.wp=d.wp||{},d.wp.receiveEmbedMessage||(d.wp.receiveEmbedMessage=function(e){var t=e.data;if((t||t.secret||t.message||t.value)&&!\/[^a-zA-Z0-9]\/.test(t.secret)){for(var s,r,n,a=l.querySelectorAll('iframe[data-secret=\"'+t.secret+'\"]'),o=l.querySelectorAll('blockquote[data-secret=\"'+t.secret+'\"]'),c=new RegExp(\"^https?:$\",\"i\"),i=0;i<o.length;i++)o[i].style.display=\"none\";for(i=0;i<a.length;i++)s=a[i],e.source===s.contentWindow&&(s.removeAttribute(\"style\"),\"height\"===t.message?(1e3<(r=parseInt(t.value,10))?r=1e3:~~r<200&&(r=200),s.height=r):\"link\"===t.message&&(r=new URL(s.getAttribute(\"src\")),n=new URL(t.value),c.test(n.protocol))&&n.host===r.host&&l.activeElement===s&&(d.top.location.href=t.value))}},d.addEventListener(\"message\",d.wp.receiveEmbedMessage,!1),l.addEventListener(\"DOMContentLoaded\",function(){for(var e,t,s=l.querySelectorAll(\"iframe.wp-embedded-content\"),r=0;r<s.length;r++)(t=(e=s[r]).getAttribute(\"data-secret\"))||(t=Math.random().toString(36).substring(2,12),e.src+=\"#?secret=\"+t,e.setAttribute(\"data-secret\",t)),e.contentWindow.postMessage({message:\"ready\",secret:t},\"*\")},!1)))}(window,document);\n\/\/# sourceURL=https:\/\/bizibermeo.eus\/wp-includes\/js\/wp-embed.min.js\n<\/script>\n","thumbnail_url":"https:\/\/bizibermeo.eus\/wp-content\/uploads\/2024\/10\/Kofradi-zaharra-txikiago.jpg","thumbnail_width":2408,"thumbnail_height":1660,"description":"El racionalismo sigui\u00f3 vigente en Bermeo con destacadas obras de Fernando Arzadun, Pedro Ispizua o Emilio Apraiz. La Cofrad\u00eda es una obra muy significativa para Bermeo porque articula de manera brillante su fachada mar\u00edtima. El arquitecto Arzadun aplic\u00f3 una acertada lectura de racionalismo de postguerra de factura no muy depurada por su condici\u00f3n tard\u00eda. Los [&hellip;]"}

Cofradía de San Pedro - Bizi Bermeo

<blockquote class="wp-embedded-content" data-secret="o36JMUpKAV"><a href="https://bizibermeo.eus/es/zer-ikusi/cofradia-de-san-pedro/">Cofradía de San Pedro</a></blockquote><iframe sandbox="allow-scripts" security="restricted" src="https://bizibermeo.eus/es/zer-ikusi/cofradia-de-san-pedro/embed/#?secret=o36JMUpKAV" width="600" height="338" title="«Cofradía de San Pedro» — Bizi Bermeo" data-secret="o36JMUpKAV" frameborder="0" marginwidth="0" marginheight="0" scrolling="no" class="wp-embedded-content"></iframe><script>
/*! This file is auto-generated */
!function(d,l){"use strict";l.querySelector&&d.addEventListener&&"undefined"!=typeof URL&&(d.wp=d.wp||{},d.wp.receiveEmbedMessage||(d.wp.receiveEmbedMessage=function(e){var t=e.data;if((t||t.secret||t.message||t.value)&&!/[^a-zA-Z0-9]/.test(t.secret)){for(var s,r,n,a=l.querySelectorAll('iframe[data-secret="'+t.secret+'"]'),o=l.querySelectorAll('blockquote[data-secret="'+t.secret+'"]'),c=new RegExp("^https?:$","i"),i=0;i<o.length;i++)o[i].style.display="none";for(i=0;i<a.length;i++)s=a[i],e.source===s.contentWindow&&(s.removeAttribute("style"),"height"===t.message?(1e3<(r=parseInt(t.value,10))?r=1e3:~~r<200&&(r=200),s.height=r):"link"===t.message&&(r=new URL(s.getAttribute("src")),n=new URL(t.value),c.test(n.protocol))&&n.host===r.host&&l.activeElement===s&&(d.top.location.href=t.value))}},d.addEventListener("message",d.wp.receiveEmbedMessage,!1),l.addEventListener("DOMContentLoaded",function(){for(var e,t,s=l.querySelectorAll("iframe.wp-embedded-content"),r=0;r<s.length;r++)(t=(e=s[r]).getAttribute("data-secret"))||(t=Math.random().toString(36).substring(2,12),e.src+="#?secret="+t,e.setAttribute("data-secret",t)),e.contentWindow.postMessage({message:"ready",secret:t},"*")},!1)))}(window,document);
//# sourceURL=https://bizibermeo.eus/wp-includes/js/wp-embed.min.js
</script>

El racionalismo siguió vigente en Bermeo con destacadas obras de Fernando Arzadun, Pedro Ispizua o Emilio Apraiz. La Cofradía es una obra muy significativa para Bermeo porque articula de manera brillante su fachada marítima. El arquitecto Arzadun aplicó una acertada lectura de racionalismo de postguerra de factura no muy depurada por su condición tardía. Los [&hellip;]
